e 15*v - 5*v - 22370 = 0. Suppose 5*f + 3*p = 3*f + v, -4*p - 2258 = -2*f. Suppose -4*d - 620 = -t + 485, -t - 2*d + f = 0. Is t composite?
False
Let b = -82 + 109. Suppose 0 = -14*f + b*f - 2119. Is f a prime number?
True
Let p be 35504/12*315/30. Suppose 5*q - p - 12682 = -3*z, -5*z = -4*q - 72975. Is z prime?
True
Suppose -167*f = -130*f - 5261437. Is f a composite number?
True
Let d = -26 + 58. Suppose 0 = 13*o - 17*o + d. Suppose -4*m - 4*t = -800, 2*m = -3*t + o*t + 421. Is m composite?
True
Suppose -3*q + 7610 = 75137. Is -3*(q/72 - (-6)/(-16)) prime?
False
Suppose 3*x - 12*c + 10*c - 77527 = 0, 4*c = -x + 25833. Is x a prime number?
True
Is ((-4830732)/12)/(2 - 5) composite?
True
Let p(l) = 148*l**3 - 5*l**2 - 93*l + 473. Is p(5) a prime number?
False
Suppose -13*l + 7*l + 24 = 0. Suppose -q - l*g = -4567, q + 4*g = 2*q - 4599. Is q a composite number?
False
Suppose -11*r + 189 = -8*r. Suppose -995 = -2*a - r. Suppose -a = -2*h - 84. Is h prime?
True
Let m be 1 + (-244)/8 - 3/6. Let i be (-96825)/m*(-8)/(-10). Suppose -3*f = -2*f + 3, 5*n - i = -f. Is n a composite number?
True
Suppose 106*c - 107*c - 2 = 0, -5*c - 93095 = -5*a. Is a a composite number?
False
Let n = 34227 - 7408. Is n prime?
False
Suppose 0 = -t + 3*z + 7452, -t - 2*z + 1571 + 5901 = 0. Is (t/8 - 4)/((-1)/(-3)) prime?
False
Is (4/(-24))/((-2)/(-1363685)*520/(-1248)) a prime number?
True
Is (12/24 + (0 - 1))*1319422/(-13) a prime number?
False
Let h be -11 + 3 - -21 - 6. Suppose v + 2*d = 8259, h*d = 10*d - 12. Is v prime?
False
Suppose 3*p - 12 = -0*p. Suppose g + 16680 = 2*i, 5*i - p*i = 3*g + 8350. Let x = i + -3243. Is x a prime number?
False
Is 29704 - (-6 + 13 - 16) a prime number?
False
Let t be 12/2 - (-2 - -6). Let w(m) = -180*m**2 + 12 + 89*m**2 + 102*m**t - 4*m. Is w(19) a prime number?
True
Let l(z) = -z**3 - 4*z**2 + 2*z - 29. Suppose -3*h - 3*d = -4*d + 14, 0 = -5*h - 2*d - 38. Is l(h) a composite number?
False
Let c = -63 - -86. Let v(q) = 27*q - 70. Is v(c) composite?
True
Let k(d) = -6*d + 30. Let u be k(4). Is ((-2)/u)/(((-14)/(-7))/(-30978)) prime?
False
Let w = 18126 - 12719. Let d = w - 3422. Is d a composite number?
True
Suppose -19*q - 64290 = -22*q. Let x = q + -13039. Is x a composite number?
True
Let q be (138/4)/((-6)/8). Let w = -172 - q. Is (-1)/(0 - 3 - -2) - w composite?
False
Let c = 248 + -59. Suppose 5*p = f - 51, -4*f + 5*p + 0*p = -c. Is f*(2 - (-9)/6) prime?
False
Suppose 0 = 2*w - 3*t + 20, -3*w - 3*t + 5 - 20 = 0. Is 6 + 7/(w/(-2497)) prime?
True
Let t be 59 - 51 - (0 + (-2)/1). Suppose -3*z - 3866 - 7793 = -5*r, 0 = 5*z - t. Is r prime?
True
Suppose 2*u - 214606 = v, -69*u + 64*u + 2*v = -536515. Is u composite?
True
Let q = 575915 - 177966. Is q a composite number?
True
Suppose -13*k + 3071 = -2558. Suppose 0 = -k*u + 432*u + 161. Is u a composite number?
True
Suppose 12629 = -2*m + t - 2756, -38470 = 5*m + 5*t. Let l = -1770 - m. Is l composite?
False
Is (6 - -1)*-13619*-1 composite?
True
Let k(u) = 8 + 4*u + 34*u**2 + 2 - 26*u + 13*u. Is k(5) a composite number?
True
Suppose 6*t = 4*t. Let y(l) = -4 - 5 + 2 + 174*l + t. Is y(4) prime?
False
Let y(o) = o**3 + 7*o**2 + 9*o. Let b be y(-5). Suppose -5413 = -n - 2*l + 1648, b*n - 35320 = 5*l. Is n composite?
True
Let o(w) = -4*w + 2. Let c(d) = -3*d + 1. Let x(u) = 5*c(u) - 4*o(u). Let y be x(9). Let h(p) = 9*p**2 - 4*p + 7. Is h(y) a prime number?
True
Let p(n) = -50483*n - 37. Let y be p(-4). Is 7/(-9) + 1 - y/(-9) prime?
True
Is ((-604930)/(-15))/(-3 + (-121)/(-33)) a composite number?
False
Suppose 2*n - 837734 = -4*d, 22*d = 18*d + n + 837719. Is d a prime number?
True
Suppose 0 = -7045*r + 7003*r + 2102898. Is r a prime number?
True
Suppose 5*l - a + 11401 = 2*a, -4*a - 9108 = 4*l. Let o = l + 7818. Is o prime?
False
Let u = -879 + -3870. Let c = 14035 + u. Suppose -5*m + 2379 = -c. Is m a prime number?
True
Let a = -488 - -514. Suppose 0 = -16*d + a*d - 97450. Is d prime?
False
Let z = -117 - -121. Suppose h + q = 11595, -11*h + 9*h = -z*q - 23214. Is h composite?
True
Is (-2202702)/(-7) + 1*-1 + 9810/34335 prime?
False
Let z = 247 - 234. Suppose z*f - 11*f = 12142. Is f composite?
True
Suppose 0*l + 3*l = 5*y - 16, 4*l + 5*y = 37. Suppose -5*s + 13282 = -x, -x + 4998 - 12966 = -l*s. Is s a prime number?
True
Let g(m) = 4292*m**2 - 74*m - 447. Is g(-7) prime?
False
Suppose q - 2 = 0, 0 = -5*u + 2*q - 4*q - 139861. Let f = 51192 + u. Suppose g - 8*l + 7*l - 4648 = 0, 5*g - f = -2*l. Is g prime?
False
Is -6*(15 + 23216/(-96)) prime?
True
Suppose w = -4*x + 54, 5*x + 201 = 4*w + 6*x. Is (-100)/w*6802/(-4) composite?
True
Let t be ((-6)/24 - (-22612)/16) + 3. Let h = 318 + 209. Let j = t - h. Is j a prime number?
False
Suppose -d + 36 = -7*d. Let g be (2 - (-96)/10) + d/(-15). Suppose g*n = 9*n + 7959. Is n a prime number?
False
Suppose 0 = 3*g - 10*l + 11*l - 4, 0 = -g + 4*l + 10. Suppose -g*i + 26515 = 3*i. Is i prime?
True
Let q(i) = 5*i - 10. Let s be q(2). Suppose a + 4*a - 8195 = s. Let x = a - 798. Is x prime?
False
Let i = 23266 + -12715. Suppose -i = -15*q + 368964. Is q prime?
True
Is (-2)/(-3) + ((-9748310)/(-51))/10 a composite number?
True
Suppose -2*f = 2*f - 3*a + 3335, 4*f = -3*a - 3353. Let x = 246 - f. Is x a prime number?
False
Suppose 33*b = -4*q + 36*b + 206821, -q = b - 51700. Is q composite?
True
Let m = -402 - -405. Suppose -11007 = -m*y + 57738. Is y a composite number?
True
Let x = 36988 + 68211. Is x a composite number?
False
Let k(o) = -o**2 - 20*o - 96. Let i be k(-11). Suppose 3*z = 4*t + z - 107546, i*z - 107571 = -4*t. Is t a prime number?
False
Let j be 1/((-2)/(-9))*(-10864)/84. Let d be j/36 + 1 + 10/(-12). Is (-19608)/d + 6/4 composite?
True
Suppose t - 4*n = -n + 7, 3*t - n = 29. Suppose i - 105 = -5*d - 7, d - 3*i = t. Is d prime?
True
Suppose 0 = 5*i - 9*i. Let q = 1565 + -2793. Is (i - q/4) + -4 prime?
False
Let g be ((-664)/(-6))/((50/7935)/5). Suppose -g - 10910 = -6*f. Suppose 7*w + 2811 - f = 0. Is w prime?
True
Let t(p) be the second derivative of 532*p**3/3 + 15*p**2/2 - p - 2. Is t(3) a prime number?
False
Let h = 57362 - 22203. Is h prime?
True
Let j(z) = z**2 - 17*z + 86. Let b be j(8). Suppose b*v + 92542 = 390308. Is v a composite number?
False
Let w be 3/12 - (-51390)/(-24). Let p be 0 + 8644/2 - 2. Let f = p + w. Is f a prime number?
True
Let f(d) = -5 - 11*d**2 - 3*d - 4*d**2 + 29 + 14*d**2. Let m be f(-7). Is 3/((-1)/(-1)) - (m + -255) composite?
True
Let f = 184760 - 94557. Is f composite?
False
Suppose -213259 = 13*f - 7*f - 830353. Is f prime?
False
Let k(c) = 82*c**3 - c**2 - 7*c + 11. Let f be 7/4 - (91/(-28))/13. Is k(f) a composite number?
True
Let b(a) = a**3 - 34*a**2 + 257*a - 1074. Is b(109) a prime number?
False
Let f(b) = 22399*b - 56. Is f(1) composite?
False
Suppose -n = -5*l - 0*n + 245040, 2*n = -4*l + 196032. Suppose -2*f - 5*b + 32657 = 0, 3*b = 3*f - 6*f + l. Is f/33 - 2 - 4/22 a composite number?
True
Suppose -3*p - 306 = -20*p. Let a = 30 - p. Suppose a*n + 5951 = 23*n. Is n composite?
False
Suppose -1902 = z + 3567. Let g = 3781 + z. Is (g/(-2))/((0 + -2)*-1) composite?
True
Let o(v) = 2*v**3 - 117*v**2 - 46*v + 168. Is o(61) composite?
True
Let l(o) = 592*o**3 - 10*o**2 + 146*o - 261. Is l(10) prime?
True
Let k = 398 + -398. Let f(m) = -m**2 - 4*m + 63. Let u(q) = -q**2 - 5*q + 62. Let r(c) = 5*f(c) - 4*u(c). Is r(k) a composite number?
False
Suppose -123*m + 5*v = -127*m + 40800, 0 = -5*m - 5*v + 50995. Is m prime?
False
Suppose -3*v - 6*g - 33828 = -250881, 72302 = v - 5*g. Is v composite?
False
Let j = -270 + 273. Suppose j*y - 17628 = -3405. Is y prime?
False
Let m(q) be the third derivative of 1/6*q**5 + 0*q - 35*q**2 + 0 - 5/6*q**3 - 1/12*q**4. Is m(3) a composite number?
False
Is (-8)/24*-6*(-97917)/(-6) composite?
True
Suppose -2*a - 3*c = -31543, -15*c + 78847 = 5*a - 11*c. Suppose -4*n - 3*o + 9660 = -a, 2*n - 2*o = 12696. Is n composite?
False
Let b(l) = -23788*l + 859. Is b(-9) composite?
True
Is (-50 - -14 - -17) + 1142282 composite?
False
Suppose 4*q = 262 + 5330. Let r = q + 2293. Is r prime?
True
Let h = -195 - -199. Suppose h*l - 3*x = 8*l - 1502, 0 = 4*l - 4*x - 1516. Is l a composite number?
True
Let c = 412324 + -240647. Is c prime?
False
Suppose -4*g + 5*g = 5*o + 89026, 2*g